*c - 4155 = -10*c. What are the prime factors of c?
5, 277
Suppose -4*l = -5*d + 228, -2*l - 39 + 35 = 0. Let h(z) = -z**2 - 9*z - 6. Let i be h(-6). Let v = d + i. What are the prime factors of v?
2, 7
Let x = 27837 + 5520. List the prime factors of x.
3, 11119
Let w be 2*-8*(154/56 - 3). Let x(s) = -3*s**2 + 4*s**3 - 2*s**3 + s + 2 - 1. List the prime factors of x(w).
5, 17
Suppose -2*h - 7*g + 10 = -3*g, 4*h = 4*g + 8. Suppose h*i - 4*u - 2518 = 0, -6*i = -5*i + 3*u - 835. List the prime factors of i.
2, 419
Let y(j) = 23*j - 54. Let a be y(3). What are the prime factors of ((-114)/8)/((180/(-256))/a)?
2, 19
Let u = 8218 - -3162. What are the prime factors of u?
2, 5, 569
Let g = 1824 - 919. Let s = g - 462. List the prime factors of s.
443
Suppose m = 5*m + 180. Let o = m + 69. Suppose o = -6*q + 66. What are the prime factors of q?
7
List the prime factors of 3351*(80/48*(-28)/(-5) - 1).
5, 1117
Suppose 231 = 6*u + 39. What are the prime factors of (1616/u)/(2/4)?
101
Suppose 4*b = 47 - 23. Suppose 13*c - b*c - 14 = 0. What are the prime factors of 9/c*(3 - -1)?
2, 3
Let o(m) = m**3 - 18*m**2 + 38*m - 4. Let r be 15 + (2 - 6)*(-4)/8. What are the prime factors of o(r)?
353
Let o = 13820 - 6743. List the prime factors of o.
3, 7, 337
Let y = 37763 + -14734. What are the prime factors of y?
23029
Let t = 10547 + -7498. List the prime factors of t.
3049
Let i = -25 - -19. What are the prime factors of (i - (-6648)/(-16))*-2?
3, 281
Let z(c) = c**2 - c - 1. Let i(h) = -h**3 - 10*h**2 - 9*h + 23. Let o(x) = -i(x) + 3*z(x). List the prime factors of o(-8).
2, 3, 41
Suppose -775*b + 505*b = -5383800. List the prime factors of b.
2, 5, 997
Let h be 129*(4/6 + 1/(-3)). Suppose -5*z - h = -193. What are the prime factors of ((-228)/(-10))/(12/z)?
3, 19
Let v(a) = 5*a**3 - 3*a**2 + 2. Let h = 47 - 48. Let q be v(h). List the prime factors of (-9)/(q - -3)*16/3.
2
Let n = -2477 + 9312. List the prime factors of n.
5, 1367
What are the prime factors of 10808 + (-2 - 14 - -14)?
2, 3, 1801
Let w be (-4*6/(-16))/((-5)/(-10)). List the prime factors of (-15093)/(-9) - (2 + 4)/w.
5, 67
Let m = 10516 - 5501. What are the prime factors of m?
5, 17, 59
Let o = 32 - 28. Suppose -r = o*s - 5, 0*r - 4*s = -2*r + 10. Suppose 0*c + 3*j = 3*c - 114, c - r*j - 26 = 0. List the prime factors of c.
41
Let j(m) = -2*m**2 - 3*m - 35. Let d(x) = x**2 + 2*x + 36. Let v(u) = -3*d(u) - 2*j(u). List the prime factors of v(-20).
2, 181
Suppose -2*a + 15162 = 2*b, 5*a - 22*b + 24*b - 37896 = 0. What are the prime factors of a?
2, 3, 421
Suppose 2*w - m - 56967 = 0, -5*w - 2*m + 111938 = -30511. What are the prime factors of w?
61, 467
Let t(z) = -z - 3. Suppose -p - 9 + 4 = 0. Let f be t(p). Suppose -75 = -3*s + f*s. List the prime factors of s.
3, 5
Suppose -4*p = 5*q - 2138, 0 = -p - 2*q + 39 + 497. Let o = p + -285. What are the prime factors of o?
13, 19
Suppose 20*j - 140 = -8*j. Suppose j*p - 78 = -3. List the prime factors of p.
3, 5
Let m(w) = 192*w**3 - 3*w**2 - 2*w + 40. List the prime factors of m(3).
29, 179
Suppose 12*t - 1037645 = 17*t - 28*t. What are the prime factors of t?
5, 7, 1289
Let t(v) = 4182*v + 9446. What are the prime factors of t(16)?
2, 73, 523
Suppose 3*v = -2*l - 2*v + 12, l + 4*v - 12 = 0. Let j(f) = 33*f + 141. Let t be j(-4). What are the prime factors of (204 - t) + l/(-2)?
197
Suppose -28 = -179*i + 172*i. Suppose -15*c - 5*n = -18*c + 2676, -3*c + 2673 = -i*n. What are the prime factors of c?
887
Let c(z) = 588*z - 20. Let u be c(2). Let b = u + -732. What are the prime factors of b?
2, 53
Suppose -299*n + 1800 = -291*n. Suppose n*d - 2016 = 217*d. What are the prime factors of d?
2, 3, 7
Let o = 57 + -57. Let t(c) = -2*c - 10. Let j be t(o). List the prime factors of 3*116/15*j/(-4).
2, 29
Let z = -53 + 70. Suppose 0 = 10*h - z*h + 1225. List the prime factors of h.
5, 7
Let b(v) = -v**3 + 10*v + 10*v**2 + 6 - 4*v**3 + 6*v**3. Let i be b(-8). Suppose -z + i = -28. List the prime factors of z.
2, 41
Suppose -5447775 = -215*m - 11070. List the prime factors of m.
3, 8429
Let h(l) = 2*l**3 - 6*l**2 - 14*l + 7. Let b(r) = -2*r**3 + 7*r**2 + 15*r - 6. Let q(p) = 5*b(p) + 6*h(p). List the prime factors of q(4).
2, 11
Let t = 32305 + -14293. What are the prime factors of t?
2, 3, 19, 79
Let x = 20 + -17. Suppose 114 = x*i + 2*f, i - 29 = 5*f + 26. List the prime factors of i*1*6/4.
2, 3, 5
Let x be 29442/54 + 4/(-18). Let p = x + -363. List the prime factors of p.
2, 7, 13
Let g(x) = x - 2. Let u(f) = 1. Let q(z) = -2*g(z) + 18*u(z). Let y be q(-5). Suppose 2*a - 2 - y = 2*s, 5*a = -3*s + 117. List the prime factors of a.
3, 7
Suppose -4*a = k - 16960, 12*k = 8*k - a + 67930. List the prime factors of k.
2, 11, 193
Let y(r) = -34098*r - 3. Let n be y(3). List the prime factors of (-5)/2 + n/(-86).
1187
Let c be (77 - (-3 + 4))*75/12. Suppose -5*h + 24 = -4*s - c, 5 = -5*s. What are the prime factors of h?
3, 11
Suppose -2*t = -a + 3*t - 22, 5*t - 25 = 0. Suppose 11*x - 15*x + 43 = b, -9 = -a*b. List the prime factors of x.
2, 5
Suppose -6*b + 19*b + 2860 = 0. List the prime factors of (34/68)/((-2)/b).
5, 11
Let n be (0/((-36)/(-6)))/(-2). Suppose n = 8*j - 7*j - 46. List the prime factors of j.
2, 23
List the prime factors of 1/(-7) - ((-117840)/(-70))/(-3).
3, 11, 17
Let m(i) = i**2 - 5*i + 4. Let o be m(4). Suppose 11*a = 3*d + 6*a - 8, 3*d + 16 = -a. What are the prime factors of (o - d)*(-5 - 29/(-4))?
3
Let l(y) = 2781*y - 1960. What are the prime factors of l(2)?
2, 1801
Suppose 539860 - 66088 = 12*l. List the prime factors of l.
13, 3037
Let u(m) = m**2 + 21*m + 23. Let v be u(-23). Suppose 6*h - 123 - v = 0. What are the prime factors of h?
2
Let u(x) = 252*x**2 - 864*x + 10. What are the prime factors of u(-4)?
2, 23, 163
Let u be (-39)/(-26)*10/3. Suppose 4*x + 7*d = 4*d + 54, -u*d - 50 = -5*x. What are the prime factors of ((-153)/x + 4)*-4?
5, 7
What are the prime factors of (594/36)/((-1 - -1) + (-2)/(-92))?
3, 11, 23
Let u be (((-48)/9)/(-8))/((-2)/57). What are the prime factors of (-38)/u*(135 - 1)?
2, 67
Let t(h) = 7*h**2 - 3*h - 7. Let f(g) = 4*g**2 - 2*g - 4. Let k(m) = 7*f(m) - 3*t(m). What are the prime factors of k(-3)?
71
Suppose -618*i = -625*i + 16240. Let k = 4054 - i. What are the prime factors of k?
2, 3, 17
Suppose -4*t + 30 = -14*t. What are the prime factors of (248 - 3) + 1/t*-3?
2, 3, 41
Suppose -6*o - 5*c + 42085 = 0, -2*o + 2*c + 14039 = 29. List the prime factors of o.
2, 5, 701
Let i(w) = -74*w + 5. Let o be i(1). Let b = 478 - o. What are the prime factors of b?
547
Let j(d) = -331*d - 690. List the prime factors of j(-4).
2, 317
Suppose -8*z + 7*z - 13 = 0. What are the prime factors of z + 15 - (-514 + -1)?
11, 47
Let g(p) = 12*p**2 + p - 68. List the prime factors of g(25).
7457
What are the prime factors of (0 + 407)*(85/17 - -8)?
11, 13, 37
Let k = -61 - 22. Let x = -51 - k. List the prime factors of x.
2
Let y = -280 - -445. Let b(c) = c**2 + 6*c. Let x be b(-7). Suppose x*g - 10*g = -y. What are the prime factors of g?
5, 11
Suppose 4*p + 21016 = 2*b, 0 = -3*p + 11 - 5. List the prime factors of b.
2, 3, 73
Let o = -12606 - -23708. List the prime factors of o.
2, 7, 13, 61
Suppose -133152 = 10*f - 58*f. What are the prime factors of f?
2, 19, 73
Suppose 4*g - 4*f = -24, -3*g + 3*f - 33 = 5*f. Let v(p) = p - 31. Let s be v(g). List the prime factors of 10/(-4)*928/s.
2, 29
Let y(j) = j**3 + 7*j**2 + 7*j - 1. Let t be y(-1). Let b(r) = 110*r**2 + 5*r + 3. List the prime factors of b(t).
433
Let t(l) = l**3 + l**2 - 3*l + 81. Let w be t(0). Let u = w - 64. What are the prime factors of u?
17
Let w be (-12)/21 - ((-7025)/7 - 1). Suppose 7*y - 11*y = -w. What are the prime factors of y?
251
Let l(a) = 64*a - 237. What are the prime factors of l(60)?
3, 1201
Suppose 5*q = -4*b + 432 + 150, 5*q - 153 = -b. List the prime factors of (2 - (-61897)/b) + 2/13.
3, 5, 29
Suppose -7*k = -3 + 17. Let h be 5*(k - 3*12). List the prime factors of 2/19 - 34180/h.
2, 3, 5
Suppose 475*k - 29467686 = -159*k. List the prime factors of k.
3, 15493
Suppose -44*f - 248736 = -6*i - 39*f, 0 = -i - 2*f + 41439. What are the prime factors of i?
3, 41, 337
Let p be (5 + -6)/((-4)/468). Let s = p + -112. Suppose 3*c + s*h = 56